c8?
a30ca
In base 2, what is -11010000 - 100?
-11010100
In base 7, what is 2012 + 106?
2121
In base 8, what is -144567 + -1?
-144570
In base 14, what is -62 - 96?
-118
In base 4, what is -111 + -322?
-1033
In base 12, what is 58648 + 5?
58651
In base 15, what is 1 - 4484?
-4483
In base 9, what is -417482 - -3?
-417478
In base 8, what is -12345 + -31?
-12376
In base 14, what is -c05a - 3?
-c05d
In base 9, what is 1828 - 3?
1825
In base 14, what is -1287c + -1?
-1287d
In base 16, what is 9011 - 1?
9010
In base 5, what is -13421 - -1302?
-12114
In base 13, what is -21 + -56a0?
-56c1
In base 8, what is -2 - 6472?
-6474
In base 10, what is 60455 + 26?
60481
In base 13, what is 9746b - 1?
9746a
In base 13, what is -3 - 30a8b?
-30a91
In base 13, what is -7684 + 9?
-7678
In base 5, what is 14302 - -4440?
24242
In base 2, what is 111111010 + -110011100?
1011110
In base 16, what is c6c6 + -c?
c6ba
In base 10, what is 271 - -763?
1034
In base 5, what is 102 + -120211?
-120104
In base 3, what is 0 + -1121000100?
-1121000100
In base 3, what is -1 - -1000011120?
1000011112
In base 8, what is 137 + 25?
164
In base 6, what is -4 - 3122434?
-3122442
In base 9, what is -5580 + -57?
-5647
In base 11, what is -3 - -1062?
105a
In base 14, what is 58d - -683?
c32
In base 7, what is 16615 - -16?
16634
In base 3, what is 11010 + -12201?
-1121
In base 2, what is -10 - -101011110111101110?
101011110111101100
In base 4, what is -3321222 + -222?
-3322110
In base 11, what is 2 - -249096?
249098
In base 13, what is a66 - 105?
961
In base 10, what is 0 + 545891?
545891
In base 6, what is 3441225 - -1?
3441230
In base 9, what is -2 + 102337?
102335
In base 6, what is -1312 - -423?
-445
In base 13, what is 4 - 2776?
-2772
In base 4, what is -3 + -2320021023?
-2320021032
In base 11, what is 21092 - -5?
21097
In base 13, what is 15 + -8342?
-832a
In base 2, what is 11 + -10010011011001?
-10010011010110
In base 2, what is 100110011011110010 - 1?
100110011011110001
In base 2, what is -111010011111 - 1001?
-111010101000
In base 4, what is -12331130 - -22?
-12331102
In base 5, what is 3 + 21420334?
21420342
In base 13, what is 23cc52 - 2?
23cc50
In base 10, what is -1937 - 27?
-1964
In base 13, what is 44530 - 1?
4452c
In base 7, what is 315244 + 2?
315246
In base 16, what is -47e2 + -4e?
-4830
In base 15, what is -1153 + 16d?
-ed5
In base 11, what is -23149 + 2a?
-2311a
In base 3, what is 1 + -211222001?
-211222000
In base 16, what is -769 + e?
-75b
In base 7, what is -5 + 32501?
32463
In base 4, what is -10 + 123110023?
123110013
In base 2, what is 100 - -1011001110001?
1011001110101
In base 15, what is 26734 - 0?
26734
In base 16, what is -7ca - 0?
-7ca
In base 2, what is 1101100100010101 - 11?
1101100100010010
In base 2, what is 10010 + 11001110001111?
11001110100001
In base 7, what is 10 + -34052?
-34042
In base 9, what is -25775 + -1?
-25776
In base 6, what is 1044 - -2233?
3321
In base 12, what is -43 - -15?
-2a
In base 2, what is 1011 + 1111110100?
1111111111
In base 11, what is -1532 - -67?
-1476
In base 6, what is -42 + -3455?
-3541
In base 9, what is 87 - 54138?
-54041
In base 11, what is -1 + 15567?
15566
In base 5, what is 3033323 + 322?
3034200
In base 5, what is -2341 - 331121?
-334012
In base 13, what is 8 - 200a75?
-200a6a
In base 13, what is -45 + -10b4c?
-10b94
In base 13, what is 1 + 472b54?
472b55
In base 7, what is 36 + -1450?
-1411
In base 6, what is 10 - -111531?
111541
In base 9, what is 101 - 334?
-233
In base 8, what is -7 + -3730?
-3737
In base 5, what is 2412141 - -121?
2412312
In base 8, what is -511 + -43?
-554
In base 7, what is -2535444 - -1?
-2535443
In base 5, what is 44401 + -14?
44332
In base 4, what is -200031112 + 0?
-200031112
In base 15, what is 53da - 7d?
535c
In base 12, what is 296 + 3a6?
680
In base 16, what is -14 + -b8b?
-b9f
In base 11, what is 0 - 5331?
-5331
In base 8, what is 1023 + -72?
731
In base 2, what is -1100110000 - -10000000111?
11010111
In base 2, what is 1011110100001010100 - -11?
1011110100001010111
In base 8, what is 0 - -20735?
20735
In base 7, what is -31346 - 4?
-31353
In base 16, what is 11ee3 - -5?
11ee8
In base 4, what is 1333010 + -33?
1332311
In base 13, what is -bbab8 + 1?
-bbab7
In base 15, what is -81 - 6b4?
-745
In base 11, what is -6 - -139825?
13981a
In base 10, what is 3 + 502861?
502864
In base 13, what is 208 - 101?
107
In base 5, what is -121404432 + 2?
-121404430
In base 13, what is c + -3798?
-3789
In base 16, what is af - -108?
1b7
In base 5, what is 4420422 + 3?
4420430
In base 5, what is 10301032 + -10?
10301022
In base 6, what is 11 - -21134?
21145
In base 12, what is -2 - 670b?
-6711
In base 15, what is 2aa69 - -4?
2aa6d
In base 9, what is 0 + 1065708?
1065708
In base 13, what is -33474 - 5?
-33479
In base 15, what is -eb3c - 5?
-eb42
In base 13, what is 0 - 10a98?
-10a98
In base 15, what is 3b + -c69?
-c2d
In base 2, what is -1000 - 1010101010111?
-1010101011111
In base 15, what is 5 - 3c4b7?
-3c4b2
In base 12, what is 718b9 + 1?
718ba
In base 13, what is -7b + 3c0?
342
In base 4, what is 0 + 330112110?
330112110
In base 4, what is -101210 + -22221?
-130031
In base 11, what is -8 - -3198?
3190
In base 8, what is 165150 - 2?
165146
In base 7, what is 4 - 2123460?
-2123453
In base 9, what is 1 + -546?
-545
In base 4, what is 10211 + 203?
11020
In base 10, what is 525 + -7530?
-7005
In base 5, what is -1 - -44044?
44043
In base 2, what is -1 - 11010111011111?
-11010111100000
In base 2, what is 0 - -100101000000101101?
100101000000101101
In base 12, what is -29a93 + -18?
-29aab
In base 13, what is 0 - -153a2b?
153a2b
In base 11, what is 1232 - -31?
1263
In base 7, what is -26621 + -30?
-26651
In base 15, what is 2 + 28139?
2813b
In base 7, what is -1614603 + -2?
-1614605
In base 4, what is 112020213 - 11?
112020202
In base 13, what is -4 + 443c0?
443b9
In base 10, what is 246 - 937?
-691
In base 8, what is -547 + -22?
-571
In base 4, what is -2132303330 + 1?
-2132303323
In base 16, what is 14 - 862?
-84e
In base 15, what is 2c2 - -d6?
3a8
In base 16, what is -1ccfc - 20?
-1cd1c
In base 4, what is -1223033 + 3?
-1223030
In base 9, what is -3456 - -73?
-3373
In base 9, what is -1 + -186476?
-186477
In base 7, what is 3 + -446556?
-446553
In base 8, what is 4 - -4220433?
4220437
In base 2, what is -110111 + -101100100?
-110011011
In base 8, what is 1777 + -4?
1773
In base 6, what is 25541040 - 5?
25541031
In base 16, what is -4 - 3343e?
-33442
In base 12, what is 11822 + 8?
1182a
In base 6, what is -3 - -3010?
3003
In base 8, what is 262 + -771?
-507
In base 15, what is 0 + -118eb2?
-118eb2
In base 12, what is -55a + -1727?
-2085
In base 8, what is 7177555 - 0?
7177555
In base 16, what is 3 - 19d40?
-19d3d
In base 3, what is -110 + -10001202101?
-10001202211
In base 3, what is -2 + -2022000112122?
-2022000112201
In base 16, what is 428e + 8?
4296
In base 9, what is 232047 + -3?
232044
In base 12, what is 27b - -3b3?
672
In base 12, what is 19 + -9b5?
-998
In base 12, what is 4709 - -6?
4713
In base 16, what is -22 + 4a0?
47e
In base 13, what is 106 + 2607?
2710
In base 3, what is -101211 - -1111002?
1002021
In base 3, what is 12 + 10020021?
10020110
In base 11, what is -2a035 + 5?
-2a030
In base 3, what is -110211 + -121220?
-1002201
In base 13, what is 64628 + 9?
64634
In base 14, what is -55c3a - -2?
-55c38
In base 4, what is 123 + 2312?
3101
In base 8, what is -5433 + -205?
-5640
In base 13, what is -1b5b4 + -8?
-1b5bc
In base 2, what is 10000011111 - -1110001001?
11110101000
In base 10, what is -2 - 3571?
-3573
In base 3, what is 10221 - -220221?
1001212
In base 14, what is 1 + 69714?
69715
In base 11, what is 3 + -145657?
-145654
In base 5, what is 11141 + 401?
12042
In base 15, what is -3a7a - -3?
-3a77
In base 16, what is -1607 + -1?
-1608
In base 11, what is 89 - -215?
2a3
In base 7, what is -15541 - 12?
-15553
In base 11, what is 26907 - 3a?
26878
In base 7, what is 0 + 40301?
40301
In base 5, what is 121201 + 34?
121240
In base 5, what is -321122 + 2013?
-314104
In base 8, what is -16 + 64225?
64207
In base 4, what is 23201303 - -10?
23201313
In base 16, what is -2 - 28d7?
-28d9
In base 4, what is 20 + -2111211?
-2111131
In base 9, what is 122670 - -4?
122674
In base 8, what is -2 - -7